{"id":541,"date":"2020-09-15T11:03:42","date_gmt":"2020-09-15T14:03:42","guid":{"rendered":"http:\/\/localhost\/HTDOCS\/safa\/web\/?page_id=541"},"modified":"2020-09-18T11:50:54","modified_gmt":"2020-09-18T14:50:54","slug":"fundador-hno-g-taborin","status":"publish","type":"page","link":"https:\/\/safacasilda.com\/web2\/fundador-hno-g-taborin\/","title":{"rendered":"FUNDADOR HNO. G. TABORIN"},"content":{"rendered":"<p>[et_pb_section fb_built=\u00bb1&#8243; custom_padding_last_edited=\u00bbon|desktop\u00bb admin_label=\u00bbHeader\u00bb _builder_version=\u00bb4.5.6&#8243; use_background_color_gradient=\u00bbon\u00bb background_color_gradient_start=\u00bb#ffffff\u00bb background_color_gradient_end=\u00bb#F2F2F2&#8243; background_enable_image=\u00bboff\u00bb background_size=\u00bbcontain\u00bb background_position=\u00bbtop_right\u00bb custom_padding=\u00bb38px||||false|false\u00bb custom_padding_tablet=\u00bb140px|0px|50px|0px|false|false\u00bb custom_padding_phone=\u00bb120px|||\u00bb][et_pb_row _builder_version=\u00bb3.25&#8243; max_width=\u00bb1280px\u00bb use_custom_width=\u00bbon\u00bb custom_width_px=\u00bb1280px\u00bb][et_pb_column type=\u00bb4_4&#8243; _builder_version=\u00bb3.25&#8243; custom_padding=\u00bb|||\u00bb custom_padding__hover=\u00bb|||\u00bb][et_pb_text _builder_version=\u00bb4.5.6&#8243; text_font=\u00bb||||||||\u00bb text_font_size=\u00bb18px\u00bb text_line_height=\u00bb2em\u00bb header_font=\u00bbEB Garamond||||||||\u00bb header_font_size=\u00bb60px\u00bb header_line_height=\u00bb1.3em\u00bb max_width=\u00bb1148px\u00bb text_font_size_tablet=\u00bb\u00bb text_font_size_phone=\u00bb15px\u00bb text_font_size_last_edited=\u00bbon|phone\u00bb text_line_height_tablet=\u00bb\u00bb text_line_height_phone=\u00bb1.6em\u00bb text_line_height_last_edited=\u00bbon|phone\u00bb header_font_size_tablet=\u00bb50px\u00bb header_font_size_phone=\u00bb32px\u00bb header_font_size_last_edited=\u00bbon|phone\u00bb]<\/p>\n<h1 style=\"text-align: left;\">FUNDADOR HNO. GABRIEL TABORIN<\/h1>\n<p>[\/et_pb_text][et_pb_text _builder_version=\u00bb4.5.6&#8243; _module_preset=\u00bbdefault\u00bb hover_enabled=\u00bb0&#8243;]<\/p>\n<p style=\"text-align: center;\"><b><img loading=\"lazy\" decoding=\"async\" src=\"http:\/\/localhost\/HTDOCS\/safa\/web\/wp-content\/uploads\/2020\/09\/Fundador_G_Toborin-193x300.jpg\" width=\"193\" height=\"300\" alt=\"\" class=\"wp-image-547 alignnone size-medium\" srcset=\"https:\/\/safacasilda.com\/web2\/wp-content\/uploads\/2020\/09\/Fundador_G_Toborin-193x300.jpg 193w, https:\/\/safacasilda.com\/web2\/wp-content\/uploads\/2020\/09\/Fundador_G_Toborin.jpg 296w\" sizes=\"auto, (max-width: 193px) 100vw, 193px\" \/><\/b><\/p>\n<p style=\"text-align: justify;\"><b>El Hermano Gabriel nace en Belleydoux, peque\u00f1a aldea de Francia cercana a Lyon, el\u00a01ro de noviembre de 1799.<\/b><\/p>\n<p style=\"text-align: justify;\"><span style=\"font-weight: 400;\">El ni\u00f1o se va haciendo joven y tiene que separarse de su hogar para seguir sus\u00a0estudios en otras localidades. Es entonces cuando el joven Gabriel percibe, por primera\u00a0vez, una inquietud misteriosa, un llamado preciso que lo orienta no hacia el sacerdocio\u00a0sino a una vida dedicada a la educaci\u00f3n de la ni\u00f1ez, de la juventud, a la atenci\u00f3n de\u00a0los templos y a la ayuda de los sacerdotes.<\/span><\/p>\n<p><b><\/b><\/p>\n<p>[\/et_pb_text][et_pb_text _builder_version=\u00bb4.5.6&#8243; _module_preset=\u00bbdefault\u00bb background_color=\u00bb#284486&#8243; custom_margin=\u00bb||||false|false\u00bb custom_padding=\u00bb2px|3px|2px|3px|false|false\u00bb hover_enabled=\u00bb0&#8243;]<\/p>\n<p style=\"text-align: justify;\"><span><span style=\"color: #ffffff;\">No encontrando ninguna orden religiosa que satisfaga sus anhelos, decide\u00a0fundar una Congregaci\u00f3n Religiosa. Dios sella su obra incipiente con dificultades,\u00a0abandonos, fracasos y soledad. A todo ello el Hermano Gabriel le hace frente con una\u00a0voluntad de hierro y un gran esp\u00edritu de fe que se traduce en aquella, su confiada\u00a0expresi\u00f3n: \u00ab<i>Si es obra m\u00eda, perecer\u00e1, pero si es obra de Dios, \u00c9l la har\u00e1 prosperar<\/i>\u00ab<\/span>.<\/span><\/p>\n<p><b><\/b><\/p>\n<p>[\/et_pb_text][et_pb_text _builder_version=\u00bb4.5.6&#8243; _module_preset=\u00bbdefault\u00bb hover_enabled=\u00bb0&#8243;]<\/p>\n<p style=\"text-align: justify;\"><span>El <\/span><b>28 de agosto de 1841<\/b><span>, la Congregaci\u00f3n de los Hermanos de la Sagrada Familia es\u00a0<\/span><b>aprobada oficialmente por la Santa Sede,<\/b><span> por Bula Pontificia del papa Gregorio XVI, en\u00a0Santa Mar\u00eda la Mayor (Roma). Con la<\/span><b> aprobaci\u00f3n comienza el florecimiento y la\u00a0extensi\u00f3n de la obra del Hermano Gabriel<\/b><span>, que se propaga en diversas di\u00f3cesis con\u00a0nuevas fundaciones.<\/span><\/p>\n<p style=\"text-align: justify;\"><span>Con la congregaci\u00f3n ya en marcha, el <\/span><b>Hermano Fundador<\/b><span> se dedica de lleno a\u00a0su direcci\u00f3n, tratando de animarla con sus recomendaciones y directivas del verdadero\u00a0esp\u00edritu que desea transmitirles: esp\u00edritu de familia (como en la casa de Nazaret),\u00a0donde reinen el amor, el trabajo y la oraci\u00f3n, y, como consecuencia, la paz. <\/span><i><span>El modelo\u00a0de vida es la Sagrada Familia de Nazaret<\/span><\/i><span>.<\/span><\/p>\n<p style=\"text-align: justify;\"><b>La obra del Hermano Gabriel se extiende y prospera, mientras su salud se va\u00a0resintiendo. Entrega su alma a Dios el jueves 24 de noviembre de 1864, en Belley\u00a0(Francia), donde actualmente descansan sus restos.<\/b><\/p>\n<p>[\/et_pb_text][et_pb_video src=\u00bbhttps:\/\/youtu.be\/5wKIqFNY8vU\u00bb _builder_version=\u00bb4.5.6&#8243; _module_preset=\u00bbdefault\u00bb][\/et_pb_video][\/et_pb_column][\/et_pb_row][\/et_pb_section]<\/p>\n","protected":false},"excerpt":{"rendered":"<p>[et_pb_section fb_built=\u00bb1&#8243; custom_padding_last_edited=\u00bbon|desktop\u00bb admin_label=\u00bbHeader\u00bb _builder_version=\u00bb4.5.6&#8243; use_background_color_gradient=\u00bbon\u00bb background_color_gradient_start=\u00bb#ffffff\u00bb background_color_gradient_end=\u00bb#F2F2F2&#8243; background_enable_image=\u00bboff\u00bb background_size=\u00bbcontain\u00bb background_position=\u00bbtop_right\u00bb custom_padding=\u00bb38px||||false|false\u00bb custom_padding_tablet=\u00bb140px|0px|50px|0px|false|false\u00bb custom_padding_phone=\u00bb120px|||\u00bb][et_pb_row _builder_version=\u00bb3.25&#8243; max_width=\u00bb1280px\u00bb use_custom_width=\u00bbon\u00bb custom_width_px=\u00bb1280px\u00bb][et_pb_column type=\u00bb4_4&#8243; _builder_version=\u00bb3.25&#8243; custom_padding=\u00bb|||\u00bb custom_padding__hover=\u00bb|||\u00bb][et_pb_text _builder_version=\u00bb4.5.6&#8243; text_font=\u00bb||||||||\u00bb text_font_size=\u00bb18px\u00bb text_line_height=\u00bb2em\u00bb header_font=\u00bbEB Garamond||||||||\u00bb header_font_size=\u00bb60px\u00bb header_line_height=\u00bb1.3em\u00bb max_width=\u00bb1148px\u00bb text_font_size_tablet=\u00bb\u00bb text_font_size_phone=\u00bb15px\u00bb text_font_size_last_edited=\u00bbon|phone\u00bb text_line_height_tablet=\u00bb\u00bb text_line_height_phone=\u00bb1.6em\u00bb text_line_height_last_edited=\u00bbon|phone\u00bb header_font_size_tablet=\u00bb50px\u00bb header_font_size_phone=\u00bb32px\u00bb header_font_size_last_edited=\u00bbon|phone\u00bb] FUNDADOR HNO. GABRIEL TABORIN [\/et_pb_text][et_pb_text _builder_version=\u00bb4.5.6&#8243; _module_preset=\u00bbdefault\u00bb hover_enabled=\u00bb0&#8243;] El Hermano Gabriel nace en Belleydoux, peque\u00f1a [&hellip;]<\/p>\n","protected":false},"author":1,"featured_media":0,"parent":0,"menu_order":0,"comment_status":"closed","ping_status":"closed","template":"","meta":{"_et_pb_use_builder":"on","_et_pb_old_content":"","_et_gb_content_width":"","footnotes":""},"class_list":["post-541","page","type-page","status-publish","hentry"],"_links":{"self":[{"href":"https:\/\/safacasilda.com\/web2\/wp-json\/wp\/v2\/pages\/541","targetHints":{"allow":["GET"]}}],"collection":[{"href":"https:\/\/safacasilda.com\/web2\/wp-json\/wp\/v2\/pages"}],"about":[{"href":"https:\/\/safacasilda.com\/web2\/wp-json\/wp\/v2\/types\/page"}],"author":[{"embeddable":true,"href":"https:\/\/safacasilda.com\/web2\/wp-json\/wp\/v2\/users\/1"}],"replies":[{"embeddable":true,"href":"https:\/\/safacasilda.com\/web2\/wp-json\/wp\/v2\/comments?post=541"}],"version-history":[{"count":7,"href":"https:\/\/safacasilda.com\/web2\/wp-json\/wp\/v2\/pages\/541\/revisions"}],"predecessor-version":[{"id":670,"href":"https:\/\/safacasilda.com\/web2\/wp-json\/wp\/v2\/pages\/541\/revisions\/670"}],"wp:attachment":[{"href":"https:\/\/safacasilda.com\/web2\/wp-json\/wp\/v2\/media?parent=541"}],"curies":[{"name":"wp","href":"https:\/\/api.w.org\/{rel}","templated":true}]}}

<p>[et_pb_section fb_built=»1&#8243; custom_padding_last_edited=»on|desktop» admin_label=»Header» _builder_version=»4.5.6&#8243; use_background_color_gradient=»on» background_color_gradient_start=»#ffffff» background_color_gradient_end=»#F2F2F2&#8243; background_enable_image=»off» background_size=»contain» background_position=»top_right» custom_padding=»38px||||false|false» custom_padding_tablet=»140px|0px|50px|0px|false|false» custom_padding_phone=»120px|||»][et_pb_row _builder_version=»3.25&#8243; max_width=»1280px» use_custom_width=»on» custom_width_px=»1280px»][et_pb_column type=»4_4&#8243; _builder_version=»3.25&#8243; custom_padding=»|||» custom_padding__hover=»|||»][et_pb_text _builder_version=»4.5.6&#8243; text_font=»||||||||» text_font_size=»18px» text_line_height=»2em» header_font=»EB Garamond||||||||» header_font_size=»60px» header_line_height=»1.3em» max_width=»1148px» text_font_size_tablet=»» text_font_size_phone=»15px» text_font_size_last_edited=»on|phone» text_line_height_tablet=»» text_line_height_phone=»1.6em» text_line_height_last_edited=»on|phone» header_font_size_tablet=»50px» header_font_size_phone=»32px» header_font_size_last_edited=»on|phone»]</p>
<h1 style="text-align: left;">FUNDADOR HNO. GABRIEL TABORIN</h1>
<p>[/et_pb_text][et_pb_text _builder_version=»4.5.6&#8243; _module_preset=»default» hover_enabled=»0&#8243;]</p>
<p style="text-align: center;"><b><img loading="lazy" decoding="async" src="http://localhost/HTDOCS/safa/web/wp-content/uploads/2020/09/Fundador_G_Toborin-193x300.jpg" width="193" height="300" alt="" class="wp-image-547 alignnone size-medium" srcset="https://safacasilda.com/web2/wp-content/uploads/2020/09/Fundador_G_Toborin-193x300.jpg 193w, https://safacasilda.com/web2/wp-content/uploads/2020/09/Fundador_G_Toborin.jpg 296w" sizes="auto, (max-width: 193px) 100vw, 193px" /></b></p>
<p style="text-align: justify;"><b>El Hermano Gabriel nace en Belleydoux, pequeña aldea de Francia cercana a Lyon, el 1ro de noviembre de 1799.</b></p>
<p style="text-align: justify;"><span style="font-weight: 400;">El niño se va haciendo joven y tiene que separarse de su hogar para seguir sus estudios en otras localidades. Es entonces cuando el joven Gabriel percibe, por primera vez, una inquietud misteriosa, un llamado preciso que lo orienta no hacia el sacerdocio sino a una vida dedicada a la educación de la niñez, de la juventud, a la atención de los templos y a la ayuda de los sacerdotes.</span></p>
<p><b></b></p>
<p>[/et_pb_text][et_pb_text _builder_version=»4.5.6&#8243; _module_preset=»default» background_color=»#284486&#8243; custom_margin=»||||false|false» custom_padding=»2px|3px|2px|3px|false|false» hover_enabled=»0&#8243;]</p>
<p style="text-align: justify;"><span><span style="color: #ffffff;">No encontrando ninguna orden religiosa que satisfaga sus anhelos, decide fundar una Congregación Religiosa. Dios sella su obra incipiente con dificultades, abandonos, fracasos y soledad. A todo ello el Hermano Gabriel le hace frente con una voluntad de hierro y un gran espíritu de fe que se traduce en aquella, su confiada expresión: «<i>Si es obra mía, perecerá, pero si es obra de Dios, Él la hará prosperar</i>«</span>.</span></p>
<p><b></b></p>
<p>[/et_pb_text][et_pb_text _builder_version=»4.5.6&#8243; _module_preset=»default» hover_enabled=»0&#8243;]</p>
<p style="text-align: justify;"><span>El </span><b>28 de agosto de 1841</b><span>, la Congregación de los Hermanos de la Sagrada Familia es </span><b>aprobada oficialmente por la Santa Sede,</b><span> por Bula Pontificia del papa Gregorio XVI, en Santa María la Mayor (Roma). Con la</span><b> aprobación comienza el florecimiento y la extensión de la obra del Hermano Gabriel</b><span>, que se propaga en diversas diócesis con nuevas fundaciones.</span></p>
<p style="text-align: justify;"><span>Con la congregación ya en marcha, el </span><b>Hermano Fundador</b><span> se dedica de lleno a su dirección, tratando de animarla con sus recomendaciones y directivas del verdadero espíritu que desea transmitirles: espíritu de familia (como en la casa de Nazaret), donde reinen el amor, el trabajo y la oración, y, como consecuencia, la paz. </span><i><span>El modelo de vida es la Sagrada Familia de Nazaret</span></i><span>.</span></p>
<p style="text-align: justify;"><b>La obra del Hermano Gabriel se extiende y prospera, mientras su salud se va resintiendo. Entrega su alma a Dios el jueves 24 de noviembre de 1864, en Belley (Francia), donde actualmente descansan sus restos.</b></p>
<p>[/et_pb_text][et_pb_video src=»https://youtu.be/5wKIqFNY8vU» _builder_version=»4.5.6&#8243; _module_preset=»default»][/et_pb_video][/et_pb_column][/et_pb_row][/et_pb_section]</p>

<p>[et_pb_section fb_built=»1&#8243; custom_padding_last_edited=»on|desktop» admin_label=»Header» _builder_version=»4.5.6&#8243; use_background_color_gradient=»on» background_color_gradient_start=»#ffffff» background_color_gradient_end=»#F2F2F2&#8243; background_enable_image=»off» background_size=»contain» background_position=»top_right» custom_padding=»38px||||false|false» custom_padding_tablet=»140px|0px|50px|0px|false|false» custom_padding_phone=»120px|||»][et_pb_row _builder_version=»3.25&#8243; max_width=»1280px» use_custom_width=»on» custom_width_px=»1280px»][et_pb_column type=»4_4&#8243; _builder_version=»3.25&#8243; custom_padding=»|||» custom_padding__hover=»|||»][et_pb_text _builder_version=»4.5.6&#8243; text_font=»||||||||» text_font_size=»18px» text_line_height=»2em» header_font=»EB Garamond||||||||» header_font_size=»60px» header_line_height=»1.3em» max_width=»1148px» text_font_size_tablet=»» text_font_size_phone=»15px» text_font_size_last_edited=»on|phone» text_line_height_tablet=»» text_line_height_phone=»1.6em» text_line_height_last_edited=»on|phone» header_font_size_tablet=»50px» header_font_size_phone=»32px» header_font_size_last_edited=»on|phone»] FUNDADOR HNO. GABRIEL TABORIN [/et_pb_text][et_pb_text _builder_version=»4.5.6&#8243; _module_preset=»default» hover_enabled=»0&#8243;] El Hermano Gabriel nace en Belleydoux, pequeña [&hellip;]</p>
