{"id":490,"date":"2020-09-14T10:31:45","date_gmt":"2020-09-14T13:31:45","guid":{"rendered":"http:\/\/localhost\/HTDOCS\/safa\/web\/?page_id=490"},"modified":"2020-09-14T10:38:48","modified_gmt":"2020-09-14T13:38:48","slug":"maraton-hno-pastrana","status":"publish","type":"page","link":"https:\/\/safacasilda.com\/web2\/maraton-hno-pastrana\/","title":{"rendered":"MARAT\u00d3N HNO PASTRANA"},"content":{"rendered":"<p>[et_pb_section fb_built=\u00bb1&#8243; custom_padding_last_edited=\u00bbon|desktop\u00bb admin_label=\u00bbHeader\u00bb _builder_version=\u00bb4.5.6&#8243; use_background_color_gradient=\u00bbon\u00bb background_color_gradient_start=\u00bb#ffffff\u00bb background_color_gradient_end=\u00bb#f2f2f\u00bb background_enable_image=\u00bboff\u00bb background_size=\u00bbcontain\u00bb background_position=\u00bbtop_right\u00bb custom_padding=\u00bb38px||||false|false\u00bb custom_padding_tablet=\u00bb140px|0px|50px|0px|false|false\u00bb custom_padding_phone=\u00bb120px|||\u00bb][et_pb_row _builder_version=\u00bb3.25&#8243; max_width=\u00bb1280px\u00bb use_custom_width=\u00bbon\u00bb custom_width_px=\u00bb1280px\u00bb][et_pb_column type=\u00bb4_4&#8243; _builder_version=\u00bb3.25&#8243; custom_padding=\u00bb|||\u00bb custom_padding__hover=\u00bb|||\u00bb][et_pb_text _builder_version=\u00bb4.5.6&#8243; text_font=\u00bb||||||||\u00bb text_font_size=\u00bb18px\u00bb text_line_height=\u00bb2em\u00bb header_font=\u00bbEB Garamond||||||||\u00bb header_font_size=\u00bb60px\u00bb header_line_height=\u00bb1.3em\u00bb max_width=\u00bb1264px\u00bb text_font_size_tablet=\u00bb\u00bb text_font_size_phone=\u00bb15px\u00bb text_font_size_last_edited=\u00bbon|phone\u00bb text_line_height_tablet=\u00bb\u00bb text_line_height_phone=\u00bb1.6em\u00bb text_line_height_last_edited=\u00bbon|phone\u00bb header_font_size_tablet=\u00bb50px\u00bb header_font_size_phone=\u00bb32px\u00bb header_font_size_last_edited=\u00bbon|phone\u00bb]<\/p>\n<h1>MARATON INTERCURSO \u00abHno. Jorge Pastrana\u00bb<\/h1>\n<p>[\/et_pb_text][et_pb_text _builder_version=\u00bb4.5.6&#8243; _module_preset=\u00bbdefault\u00bb hover_enabled=\u00bb0&#8243;]<\/p>\n<p>Esta es una actividad que desde 1985 organiza tradicionalmente el Colegio Sagrada Familia.<br \/> La jornada se realiza como culminaci\u00f3n del proceso de preparaci\u00f3n f\u00edsica que los alumnos fueron realizando durante el a\u00f1o, bajo el concepto Deporte para todos, como una propuesta para sustentar:<br \/>\u00a0* Una experiencia corporal y motriz gratificante que permite el reconocimiento y valoraci\u00f3n de las posibilidades y limitaciones del propio cuerpo y de los otros.<br \/>\u00a0* Un conocimiento de aspectos saludables de la actividad f\u00edsica en t\u00e9rminos de beneficios para la salud.<br \/>\u00a0* Una apropiaci\u00f3n progresiva de estrategias y procedimientos, y mejora de las capacidades condicionales y coordinativas que posibilitan la administraci\u00f3n aut\u00f3noma de actividades f\u00edsicas incorporadas a un proyecto de vida saludable.<br \/>\u00a0* La consolidaci\u00f3n de autonom\u00eda y confianza en s\u00ed mismo, al experimentar placer y disfrute en las actividades y al sentirse bien en y con su cuerpo.<br \/>\u00a0* La realizaci\u00f3n de una actividad que permite el acercamiento y valoraci\u00f3n del medio natural, el disfrute del paisaje.<br \/>\u00a0* Una alternativa para el tiempo de ocio.<\/p>\n<p>&nbsp;<\/p>\n<p style=\"text-align: center;\"><strong>OBJETIVOS<\/strong><\/p>\n<p>* Compartir con alumnos de otros cursos una actividad atl\u00e9tica desde un esp\u00edritu de integraci\u00f3n, respeto y valoraci\u00f3n por el otro.<br \/> * Valorar el placer de participar y disfrutar de una marat\u00f3n, esforz\u00e1ndose por llegar a la meta por encima de los resultados y rendimientos.<br \/> * Asumir responsabilidades en el cumplimiento de roles y funciones dentro de la marat\u00f3n. <br \/> * Perseverar en la b\u00fasqueda de la eficiencia motriz y persistencia en esfuerzos moderados y prolongados, sobreponi\u00e9ndose a la sensaci\u00f3n de cansancio que implica su repetici\u00f3n.<br \/> * Disfrutar de una sana competencia.<br \/> * Probar su coraje y capacidad; para conseguir metas individuales y grupales.<\/p>\n<p><em>Esta actividad generalmente se realiza en el mes de octubre y en ella participan todos los integrantes de la instituci\u00f3n.<\/em><br \/><em>Los alumnos de primero segundo y tercer a\u00f1o realizan un recorrido por la ciudad de 4 km y los alumnos de cuarto quinto y sexto a\u00f1o fiscalizan el evento en distintas funciones asignadas.<\/em><\/p>\n<p>[\/et_pb_text][et_pb_gallery _builder_version=\u00bb4.5.6&#8243; _module_preset=\u00bbdefault\u00bb gallery_ids=\u00bb493,494,495,496&#8243; show_title_and_caption=\u00bboff\u00bb hover_enabled=\u00bb0&#8243;][\/et_pb_gallery][\/et_pb_column][\/et_pb_row][\/et_pb_section]<\/p>\n","protected":false},"excerpt":{"rendered":"<p>[et_pb_section fb_built=\u00bb1&#8243; custom_padding_last_edited=\u00bbon|desktop\u00bb admin_label=\u00bbHeader\u00bb _builder_version=\u00bb4.5.6&#8243; use_background_color_gradient=\u00bbon\u00bb background_color_gradient_start=\u00bb#ffffff\u00bb background_color_gradient_end=\u00bb#f2f2f\u00bb background_enable_image=\u00bboff\u00bb background_size=\u00bbcontain\u00bb background_position=\u00bbtop_right\u00bb custom_padding=\u00bb38px||||false|false\u00bb custom_padding_tablet=\u00bb140px|0px|50px|0px|false|false\u00bb custom_padding_phone=\u00bb120px|||\u00bb][et_pb_row _builder_version=\u00bb3.25&#8243; max_width=\u00bb1280px\u00bb use_custom_width=\u00bbon\u00bb custom_width_px=\u00bb1280px\u00bb][et_pb_column type=\u00bb4_4&#8243; _builder_version=\u00bb3.25&#8243; custom_padding=\u00bb|||\u00bb custom_padding__hover=\u00bb|||\u00bb][et_pb_text _builder_version=\u00bb4.5.6&#8243; text_font=\u00bb||||||||\u00bb text_font_size=\u00bb18px\u00bb text_line_height=\u00bb2em\u00bb header_font=\u00bbEB Garamond||||||||\u00bb header_font_size=\u00bb60px\u00bb header_line_height=\u00bb1.3em\u00bb max_width=\u00bb1264px\u00bb text_font_size_tablet=\u00bb\u00bb text_font_size_phone=\u00bb15px\u00bb text_font_size_last_edited=\u00bbon|phone\u00bb text_line_height_tablet=\u00bb\u00bb text_line_height_phone=\u00bb1.6em\u00bb text_line_height_last_edited=\u00bbon|phone\u00bb header_font_size_tablet=\u00bb50px\u00bb header_font_size_phone=\u00bb32px\u00bb header_font_size_last_edited=\u00bbon|phone\u00bb] MARATON INTERCURSO \u00abHno. Jorge Pastrana\u00bb [\/et_pb_text][et_pb_text _builder_version=\u00bb4.5.6&#8243; _module_preset=\u00bbdefault\u00bb hover_enabled=\u00bb0&#8243;] Esta es una actividad que desde [&hellip;]<\/p>\n","protected":false},"author":1,"featured_media":0,"parent":0,"menu_order":0,"comment_status":"closed","ping_status":"closed","template":"","meta":{"_et_pb_use_builder":"on","_et_pb_old_content":"","_et_gb_content_width":"","footnotes":""},"class_list":["post-490","page","type-page","status-publish","hentry"],"_links":{"self":[{"href":"https:\/\/safacasilda.com\/web2\/wp-json\/wp\/v2\/pages\/490","targetHints":{"allow":["GET"]}}],"collection":[{"href":"https:\/\/safacasilda.com\/web2\/wp-json\/wp\/v2\/pages"}],"about":[{"href":"https:\/\/safacasilda.com\/web2\/wp-json\/wp\/v2\/types\/page"}],"author":[{"embeddable":true,"href":"https:\/\/safacasilda.com\/web2\/wp-json\/wp\/v2\/users\/1"}],"replies":[{"embeddable":true,"href":"https:\/\/safacasilda.com\/web2\/wp-json\/wp\/v2\/comments?post=490"}],"version-history":[{"count":2,"href":"https:\/\/safacasilda.com\/web2\/wp-json\/wp\/v2\/pages\/490\/revisions"}],"predecessor-version":[{"id":497,"href":"https:\/\/safacasilda.com\/web2\/wp-json\/wp\/v2\/pages\/490\/revisions\/497"}],"wp:attachment":[{"href":"https:\/\/safacasilda.com\/web2\/wp-json\/wp\/v2\/media?parent=490"}],"curies":[{"name":"wp","href":"https:\/\/api.w.org\/{rel}","templated":true}]}}

MARATÓN HNO PASTRANA

<p>[et_pb_section fb_built=»1&#8243; custom_padding_last_edited=»on|desktop» admin_label=»Header» _builder_version=»4.5.6&#8243; use_background_color_gradient=»on» background_color_gradient_start=»#ffffff» background_color_gradient_end=»#f2f2f» background_enable_image=»off» background_size=»contain» background_position=»top_right» custom_padding=»38px||||false|false» custom_padding_tablet=»140px|0px|50px|0px|false|false» custom_padding_phone=»120px|||»][et_pb_row _builder_version=»3.25&#8243; max_width=»1280px» use_custom_width=»on» custom_width_px=»1280px»][et_pb_column type=»4_4&#8243; _builder_version=»3.25&#8243; custom_padding=»|||» custom_padding__hover=»|||»][et_pb_text _builder_version=»4.5.6&#8243; text_font=»||||||||» text_font_size=»18px» text_line_height=»2em» header_font=»EB Garamond||||||||» header_font_size=»60px» header_line_height=»1.3em» max_width=»1264px» text_font_size_tablet=»» text_font_size_phone=»15px» text_font_size_last_edited=»on|phone» text_line_height_tablet=»» text_line_height_phone=»1.6em» text_line_height_last_edited=»on|phone» header_font_size_tablet=»50px» header_font_size_phone=»32px» header_font_size_last_edited=»on|phone»]</p>
<h1>MARATON INTERCURSO «Hno. Jorge Pastrana»</h1>
<p>[/et_pb_text][et_pb_text _builder_version=»4.5.6&#8243; _module_preset=»default» hover_enabled=»0&#8243;]</p>
<p>Esta es una actividad que desde 1985 organiza tradicionalmente el Colegio Sagrada Familia.<br /> La jornada se realiza como culminación del proceso de preparación física que los alumnos fueron realizando durante el año, bajo el concepto Deporte para todos, como una propuesta para sustentar:<br /> * Una experiencia corporal y motriz gratificante que permite el reconocimiento y valoración de las posibilidades y limitaciones del propio cuerpo y de los otros.<br /> * Un conocimiento de aspectos saludables de la actividad física en términos de beneficios para la salud.<br /> * Una apropiación progresiva de estrategias y procedimientos, y mejora de las capacidades condicionales y coordinativas que posibilitan la administración autónoma de actividades físicas incorporadas a un proyecto de vida saludable.<br /> * La consolidación de autonomía y confianza en sí mismo, al experimentar placer y disfrute en las actividades y al sentirse bien en y con su cuerpo.<br /> * La realización de una actividad que permite el acercamiento y valoración del medio natural, el disfrute del paisaje.<br /> * Una alternativa para el tiempo de ocio.</p>
<p>&nbsp;</p>
<p style="text-align: center;"><strong>OBJETIVOS</strong></p>
<p>* Compartir con alumnos de otros cursos una actividad atlética desde un espíritu de integración, respeto y valoración por el otro.<br /> * Valorar el placer de participar y disfrutar de una maratón, esforzándose por llegar a la meta por encima de los resultados y rendimientos.<br /> * Asumir responsabilidades en el cumplimiento de roles y funciones dentro de la maratón. <br /> * Perseverar en la búsqueda de la eficiencia motriz y persistencia en esfuerzos moderados y prolongados, sobreponiéndose a la sensación de cansancio que implica su repetición.<br /> * Disfrutar de una sana competencia.<br /> * Probar su coraje y capacidad; para conseguir metas individuales y grupales.</p>
<p><em>Esta actividad generalmente se realiza en el mes de octubre y en ella participan todos los integrantes de la institución.</em><br /><em>Los alumnos de primero segundo y tercer año realizan un recorrido por la ciudad de 4 km y los alumnos de cuarto quinto y sexto año fiscalizan el evento en distintas funciones asignadas.</em></p>
<p>[/et_pb_text][et_pb_gallery _builder_version=»4.5.6&#8243; _module_preset=»default» gallery_ids=»493,494,495,496&#8243; show_title_and_caption=»off» hover_enabled=»0&#8243;][/et_pb_gallery][/et_pb_column][/et_pb_row][/et_pb_section]</p>
