{"id":190,"date":"2020-08-12T17:28:39","date_gmt":"2020-08-12T20:28:39","guid":{"rendered":"http:\/\/localhost\/HTDOCS\/safa\/web\/?page_id=190"},"modified":"2020-09-18T11:53:51","modified_gmt":"2020-09-18T14:53:51","slug":"objetivo","status":"publish","type":"page","link":"https:\/\/safacasilda.com\/web2\/objetivo\/","title":{"rendered":"OBJETIVO"},"content":{"rendered":"<p>[et_pb_section fb_built=\u00bb1&#8243; custom_padding_last_edited=\u00bbon|desktop\u00bb admin_label=\u00bbHeader\u00bb _builder_version=\u00bb4.5.3&#8243; use_background_color_gradient=\u00bbon\u00bb background_color_gradient_start=\u00bb#ffffff\u00bb background_color_gradient_end=\u00bb#ffffff\u00bb background_enable_image=\u00bboff\u00bb background_size=\u00bbcontain\u00bb background_position=\u00bbtop_right\u00bb custom_padding=\u00bb38px||||false|false\u00bb custom_padding_tablet=\u00bb1px|0px|50px|0px|false|false\u00bb custom_padding_phone=\u00bb3px|0px|50px|0px|false|false\u00bb][et_pb_row _builder_version=\u00bb3.25&#8243; max_width=\u00bb1280px\u00bb use_custom_width=\u00bbon\u00bb custom_width_px=\u00bb1280px\u00bb][et_pb_column type=\u00bb4_4&#8243; _builder_version=\u00bb3.25&#8243; custom_padding=\u00bb|||\u00bb custom_padding__hover=\u00bb|||\u00bb][et_pb_text _builder_version=\u00bb4.5.6&#8243; text_font=\u00bb||||||||\u00bb text_font_size=\u00bb18px\u00bb text_line_height=\u00bb2em\u00bb header_font=\u00bbEB Garamond||||||||\u00bb header_font_size=\u00bb60px\u00bb header_line_height=\u00bb1.3em\u00bb max_width=\u00bb1190px\u00bb custom_margin=\u00bb|-3px||||\u00bb custom_padding=\u00bb|3px||||\u00bb hover_enabled=\u00bb0&#8243; text_font_size_tablet=\u00bb\u00bb text_font_size_phone=\u00bb15px\u00bb text_font_size_last_edited=\u00bbon|phone\u00bb text_line_height_tablet=\u00bb\u00bb text_line_height_phone=\u00bb1.6em\u00bb text_line_height_last_edited=\u00bbon|phone\u00bb header_font_size_tablet=\u00bb50px\u00bb header_font_size_phone=\u00bb32px\u00bb header_font_size_last_edited=\u00bbon|phone\u00bb]<\/p>\n<h1>OBJETIVO<\/h1>\n<p style=\"text-align: justify;\"><strong>EDUCACI\u00d3N DE CALIDAD<\/strong><br \/> Proporcionar una educaci\u00f3n de calidad que permita a los alumnos el suficiente manejo\u00a0de las nuevas tecnolog\u00edas, una satisfactoria inserci\u00f3n en el campo laboral y universitario\u00a0y el cultivo de lazos sociales y relaciones humanas ricas.<\/p>\n<p style=\"text-align: justify;\"><strong>FORMACI\u00d3N CRISTIANA<\/strong><br \/> Impartir una formaci\u00f3n cristiana que est\u00e9 a la altura acad\u00e9mica del resto de las ciencias,\u00a0para que sea posible el di\u00e1logo, la b\u00fasqueda de la verdad, del bien y la belleza en la\u00a0inteligencia de los chicos.<\/p>\n<p style=\"text-align: justify;\">\n<p style=\"text-align: justify;\"><strong>INTEGRACI\u00d3N DE LOS APRENDIZAJES<\/strong><br \/> Expresar la integraci\u00f3n de los aprendizajes de las distintas disciplinas en iniciativas que\u00a0tiendan a la proyecci\u00f3n comunitaria y al contacto con la naturaleza.<\/p>\n<p>[\/et_pb_text][et_pb_image src=\u00bbhttp:\/\/safacasilda.com\/web2\/web\/wp-content\/uploads\/2020\/09\/engranaj.jpg\u00bb title_text=\u00bbengranaje\u00bb align=\u00bbcenter\u00bb _builder_version=\u00bb4.5.6&#8243; _module_preset=\u00bbdefault\u00bb hover_enabled=\u00bb0&#8243;][\/et_pb_image][\/et_pb_column][\/et_pb_row][\/et_pb_section]<\/p>\n","protected":false},"excerpt":{"rendered":"<p>[et_pb_section fb_built=\u00bb1&#8243; custom_padding_last_edited=\u00bbon|desktop\u00bb admin_label=\u00bbHeader\u00bb _builder_version=\u00bb4.5.3&#8243; use_background_color_gradient=\u00bbon\u00bb background_color_gradient_start=\u00bb#ffffff\u00bb background_color_gradient_end=\u00bb#ffffff\u00bb background_enable_image=\u00bboff\u00bb background_size=\u00bbcontain\u00bb background_position=\u00bbtop_right\u00bb custom_padding=\u00bb38px||||false|false\u00bb custom_padding_tablet=\u00bb1px|0px|50px|0px|false|false\u00bb custom_padding_phone=\u00bb3px|0px|50px|0px|false|false\u00bb][et_pb_row _builder_version=\u00bb3.25&#8243; max_width=\u00bb1280px\u00bb use_custom_width=\u00bbon\u00bb custom_width_px=\u00bb1280px\u00bb][et_pb_column type=\u00bb4_4&#8243; _builder_version=\u00bb3.25&#8243; custom_padding=\u00bb|||\u00bb custom_padding__hover=\u00bb|||\u00bb][et_pb_text _builder_version=\u00bb4.5.6&#8243; text_font=\u00bb||||||||\u00bb text_font_size=\u00bb18px\u00bb text_line_height=\u00bb2em\u00bb header_font=\u00bbEB Garamond||||||||\u00bb header_font_size=\u00bb60px\u00bb header_line_height=\u00bb1.3em\u00bb max_width=\u00bb1190px\u00bb custom_margin=\u00bb|-3px||||\u00bb custom_padding=\u00bb|3px||||\u00bb hover_enabled=\u00bb0&#8243; text_font_size_tablet=\u00bb\u00bb text_font_size_phone=\u00bb15px\u00bb text_font_size_last_edited=\u00bbon|phone\u00bb text_line_height_tablet=\u00bb\u00bb text_line_height_phone=\u00bb1.6em\u00bb text_line_height_last_edited=\u00bbon|phone\u00bb header_font_size_tablet=\u00bb50px\u00bb header_font_size_phone=\u00bb32px\u00bb header_font_size_last_edited=\u00bbon|phone\u00bb] OBJETIVO EDUCACI\u00d3N DE CALIDAD Proporcionar una educaci\u00f3n de calidad que permita a [&hellip;]<\/p>\n","protected":false},"author":1,"featured_media":0,"parent":0,"menu_order":0,"comment_status":"closed","ping_status":"closed","template":"","meta":{"_et_pb_use_builder":"on","_et_pb_old_content":"","_et_gb_content_width":"","footnotes":""},"class_list":["post-190","page","type-page","status-publish","hentry"],"_links":{"self":[{"href":"https:\/\/safacasilda.com\/web2\/wp-json\/wp\/v2\/pages\/190","targetHints":{"allow":["GET"]}}],"collection":[{"href":"https:\/\/safacasilda.com\/web2\/wp-json\/wp\/v2\/pages"}],"about":[{"href":"https:\/\/safacasilda.com\/web2\/wp-json\/wp\/v2\/types\/page"}],"author":[{"embeddable":true,"href":"https:\/\/safacasilda.com\/web2\/wp-json\/wp\/v2\/users\/1"}],"replies":[{"embeddable":true,"href":"https:\/\/safacasilda.com\/web2\/wp-json\/wp\/v2\/comments?post=190"}],"version-history":[{"count":13,"href":"https:\/\/safacasilda.com\/web2\/wp-json\/wp\/v2\/pages\/190\/revisions"}],"predecessor-version":[{"id":674,"href":"https:\/\/safacasilda.com\/web2\/wp-json\/wp\/v2\/pages\/190\/revisions\/674"}],"wp:attachment":[{"href":"https:\/\/safacasilda.com\/web2\/wp-json\/wp\/v2\/media?parent=190"}],"curies":[{"name":"wp","href":"https:\/\/api.w.org\/{rel}","templated":true}]}}